e factors of c?
2, 5, 359
Suppose -14*z + 12*z + 4 = 0. Let f(a) = 2*a**2 + 0*a**2 + 2*a**2 - z*a**2 + 5*a + 9. List the prime factors of f(-6).
3, 17
Let u(d) = -75*d + 8. Let w be u(4). Let o = 444 + w. Suppose 2*x = -2*x + o. What are the prime factors of x?
2, 19
What are the prime factors of ((-1466)/(-2199))/(1 - 24034/24036)?
2, 2003
Let m = 11159 + -4481. Suppose 19*p - p = m. What are the prime factors of p?
7, 53
Let g = -26 + 28. Suppose g*b - 5 = -17. Let t(r) = -r**3 - 7*r**2 - 7*r - 4. What are the prime factors of t(b)?
2
Let v = -84 - -84. Suppose -11*p + 11 + 22 = v. Suppose -3*l + 3*j = -375, p*l - 2*j - 383 = 3*j. List the prime factors of l.
11
Let v = -300 - -339. Suppose v*y - 54649 = 2*y. What are the prime factors of y?
7, 211
Let q(r) = 143*r - 1155. What are the prime factors of q(29)?
2, 11, 17
Suppose -3*c - 626 = -2*f, f = -2*c + 159 - 581. Let x = c - -360. Suppose -528 = -6*z - x. What are the prime factors of z?
3, 7
Let a = -6383 - -11373. Suppose 5*x = 4*n + a, -x + 2*n = n - 997. List the prime factors of x.
2, 3, 167
Let l(y) = -67*y**2 + 33*y - 20. Let j(m) = -45*m**2 + 22*m - 14. Let k(a) = 7*j(a) - 5*l(a). What are the prime factors of k(3)?
149
Let d(k) = -26*k**2 - 1 + 6*k + 93*k**2 + 48*k**2. List the prime factors of d(2).
3, 157
Let f(u) be the third derivative of -u**5/60 - u**4/6 - 5*u**3/3 + 10*u**2 - u. Let z be f(7). Let b = 261 + z. What are the prime factors of b?
2, 3, 29
Let m = 166 + -159. Suppose -m*d - 6*d = -2847. What are the prime factors of d?
3, 73
Let p(c) = -1 + c**2 - 101*c - 2*c**2 + 100*c. Let k(o) = o**3 + 5*o**2 + 2*o + 2. Let b(m) = -k(m) - 6*p(m). List the prime factors of b(-3).
2, 7
List the prime factors of (76 + -4)*(-1046)/(-8).
2, 3, 523
Suppose 2481631 - 230884 = 147*m - 159024. What are the prime factors of m?
13, 97
Let x = 387 + -199. Suppose 0 = -14*v - 540 - x. List the prime factors of ((-9144)/v - 1) + 10/65.
5, 7
Let r be (-2)/(-5) - 17/5. Let f(w) = 18*w**2 - 5*w + 7*w**2 + 11 + 10*w + 5 - 20. List the prime factors of f(r).
2, 103
List the prime factors of -3*(-5)/(-25) + 7/(70/63316).
13, 487
Let x(q) = 3*q**3 - q**2 - q + 789. Let g be x(0). Let r = g + -38. What are the prime factors of r?
751
Let c = 5135 + -16106. What are the prime factors of ((-34)/51)/(6/c)?
23, 53
Suppose 4*o + 65 = 85. Suppose o*a = -3*b - b + 890, 2*a + 2*b - 354 = 0. What are the prime factors of a?
2, 7, 13
Suppose -h + 4*i = -2314, 9184 = -9*h + 13*h + 2*i. Suppose 8*b - 5*b = -3*a + h, -4*a + 3056 = -4*b. List the prime factors of a.
3, 5, 17
Let r(o) = 35*o - 175. Let w be r(5). Let h be 24/9 - (-2)/(-3). Suppose 3*i - 9 = w, -h*i + 4*i = l - 57. List the prime factors of l.
3, 7
Let i(w) = w**2 + 20*w + 9. Let f be i(-21). Suppose 3211 = 4*h - s, 32*h - 3*s = f*h + 1593. What are the prime factors of h?
2, 3, 67
Suppose 83*f + 1402368 = 179*f. List the prime factors of f.
2, 11, 83
Let w(i) = -6*i**2 + 41*i - 7. Let f(d) = -5*d**2 + 43*d - 6. Let x(n) = -3*f(n) + 2*w(n). List the prime factors of x(-8).
2, 11, 13
Let d be (12/(-8))/(3/(-4)). Suppose 12 = -2*i - 2*b + 6*b, -d*b = -10. Let g(h) = 14*h**2 - 6*h - 2. What are the prime factors of g(i)?
2, 3, 11
Suppose -2546 = 67*v - 0*v. Suppose -3*z - 55 = a + a, -4*a + z = 103. Let f = a - v. List the prime factors of f.
2, 3
Let i(c) = -6*c**2 + 50*c + 267. Let k(a) = a**2 - 17*a - 89. Let v(d) = -2*i(d) - 7*k(d). List the prime factors of v(-12).
7, 83
Let b(n) = -48*n - 283. Let w be b(-19). Suppose -2*s - w = h - 2837, -5502 = -5*s + 2*h. What are the prime factors of s?
2, 19, 29
Let i(j) = 276*j + 37. Let g be i(7). Suppose 14*f - g = 341. What are the prime factors of f?
3, 5, 11
Suppose 3*h + 56*i - 12238 = 57*i, 3*h - 2*i = 12242. What are the prime factors of h?
2, 2039
Suppose 0 = -d + 2, -2*x + 0*d - 179262 = -3*d. What are the prime factors of 1/3 + x/(-252)?
2, 89
Let u = 6179 - 624. List the prime factors of u.
5, 11, 101
Suppose -2*l = -h - 86, -7*l + 3*l + 170 = -h. Suppose 7215 = 55*k - l*k. List the prime factors of k.
3, 5, 37
Suppose 6*y = 119 - 11. Suppose y = -8*p + 2*p. List the prime factors of (588/(-36))/(2/(-6)) - p.
2, 13
Suppose -112 = -23*i + 9*i. What are the prime factors of 184 + i/(-4 - -6)?
2, 47
Let s(u) = 17*u - 23. Let i = -17 + 23. Let k be s(i). Let y = k + -23. What are the prime factors of y?
2, 7
Let n = 42 - 45. Let l(y) = -21*y - 6. Let h be l(n). Let q = -48 + h. List the prime factors of q.
3
What are the prime factors of 183438/18 + (-51)/3?
2, 5087
Suppose 0 = -3*n + 2*n + 771. Suppose -5*o + 2705 = j + 124, 4*o = -3*j + 2056. Let i = n - o. What are the prime factors of i?
2, 127
Suppose -c = 4*x - 1013, -3*x - 3*c = -437 - 316. Let j = 313 - x. List the prime factors of j.
59
Let r be 508*(0 + -1)/((-2)/(-4)). Let j be 1/2 - (-2 - r/(-16)). Let d = 91 - j. What are the prime factors of d?
5
Let j be (-332)/6*(30 - 27). Let d = -93 - j. List the prime factors of d.
73
Suppose 0*r - 2*p - 11 = -r, 4*r = -2*p + 14. Let f(i) = -r + 0 - 30*i + 37*i. List the prime factors of f(5).
2, 3, 5
Let u be 132/242 + 2051/11. Let v = 311 + u. What are the prime factors of v?
2, 3, 83
Let n be (-5 - 28/(-12))/((-4)/(-432)). Let v = -184 - n. List the prime factors of v.
2, 13
Let c = -97 + 97. Suppose -6*i - 8*i + 4438 = c. List the prime factors of i.
317
Let i = -356 - -147. Let g = i + -329. List the prime factors of 15/(-20)*-1 + g/(-8).
2, 17
Suppose 9186 = 3*w + 3*q, -q = 39*w - 34*w - 15306. What are the prime factors of w?
3061
Let t(i) = -i + 111*i**3 + 1 + 1 - 3 + 3*i. List the prime factors of t(1).
2, 7
Suppose -27548 + 69703 = 5*q. List the prime factors of q.
8431
Let b be 2*(-4 + 3)*(128 + -2). Let x = b - -386. What are the prime factors of x?
2, 67
Let m be 4/((-20)/(-25)) - 11. Let a be m*(-8)/(-12) + -12. What are the prime factors of (-36 - 0 - -1)*(-17 - a)?
5, 7
Let r = -4706 + 13030. List the prime factors of r.
2, 2081
Let j(v) = 10*v**2 - 10*v + 9. Let k be j(6). Suppose p - k - 483 = 0. List the prime factors of p.
2, 3, 11
Let z be (-2 - -5)*18064/4. Suppose 0 = -17*p + z + 3129. List the prime factors of p.
3, 109
List the prime factors of (50 + -21)/(-29) - (-47888 - (2 - 3)).
2, 3, 23, 347
Suppose -157 = 19*m - 423. List the prime factors of ((-7)/(m/(-12)))/((-18)/(-1305)).
3, 5, 29
Let a(q) = -2*q**3 - 8*q**2 + 2*q - 12. Let i be a(-4). What are the prime factors of (9684/(-45))/(8/i)?
2, 269
Let m(h) = 6*h**2 + 71*h - 11. Let s be m(-12). List the prime factors of -17 + 884 - (s - 3).
11, 79
Let x be -7*((-4 - (-4 + 3)) + 6). List the prime factors of 12 + 0 + x/7.
3
Suppose 0 = -11*r - 0 - 0. Suppose r = 3*k + 2*k - 2945. Suppose k = 5*o - 11. List the prime factors of o.
2, 3, 5
Let v(i) = -11669*i - 135. List the prime factors of v(-1).
2, 73, 79
Suppose 30835 + 1301 = 52*u. List the prime factors of u.
2, 3, 103
Let z(t) = -5*t**2 + t. Let d be z(2). Let f(u) = u**3 + 18*u**2 - 15*u + 23. List the prime factors of f(d).
293
Let p be (-220)/6*6/(-5). Suppose -r + p = 45. What are the prime factors of -22*(r - (-5)/10)?
11
Let h be (-70)/28*16/(-10). What are the prime factors of h/(-10)*-5 - (-990)/3?
2, 83
Let z(g) = 3*g**2 - 74*g + 450. What are the prime factors of z(67)?
17, 31
Let u be 206/(-14) - 6/(-21)*-1. Let f be (u/10)/(2 - 85/44). Let y = 34 + f. What are the prime factors of y?
2, 3
Let j = 93 + -99. Let u(q) = 3*q**2 + 18*q. Let s be u(j). What are the prime factors of 9/(-12) + s + (-662)/(-8)?
2, 41
Suppose -3*h + 18987 + 71584 = -15677. List the prime factors of h.
2, 19, 233
Let y be 6 - (5 - 7/1). Let t be (2 + y)*(-26)/4. Let c = t + 101. List the prime factors of c.
2, 3
Suppose 0 = -47*k + 42*k - 305. Let c = k + 507. List the prime factors of c.
2, 223
Let v(l) = 357*l**2 + 86*l + 264. What are the prime factors of v(-9)?
3, 17, 557
Suppose -j - 10 = -3*j. Suppose -j*d = d. Suppose 5*c - c - 220 = d. What are the prime factors of c?
5, 11
What are the prime factors of 306396/26 + -5 - 48/104?
11779
Let l(o) = 2*o**3 - 49*o**2 + 33*o - 169. Let s(b) = -b**3 + 25*b**2 - 16*b + 85. Let f(p) = -3*l(p) - 5*s(p). What are the prime factors of f(19)?
2, 3, 67
Suppose -3*v - a + 1075 = -0*v, -3*v = -a - 1085. Let c = v + -113. List the